 = -3*f**2 + 2*f - 15. Let m be c(3). Let n = 35 + m. List the prime factors of s(n).
2, 3, 7
Let p = 20090 - -18047. List the prime factors of p.
11, 3467
Suppose 15*x + 9212 - 29417 = 0. Let d = -511 + x. List the prime factors of d.
2, 11, 19
Let x = 14 + -10. Suppose -480 = 2*l + 4*d, 0*l - 4*d = x*l + 948. What are the prime factors of l/(-6) + 2/(-3)*-3?
41
Let m = 2 - 6. Let h be (41/(-2))/(m/40). Let w = -49 + h. What are the prime factors of w?
2, 3, 13
Suppose 9*s = -s + 29*s - 75677. What are the prime factors of s?
7, 569
Suppose j - 6521 = -d + 6495, 3*j - 39046 = -d. List the prime factors of j.
5, 19, 137
Let y be 6 - (2 - (-3 + 2)). Suppose 3*q + 8 = 4*b, -2*b - y*q = -0*q - 22. What are the prime factors of 120*b/(-30)*-4?
2, 5
Let p(h) be the third derivative of -h**6/120 + 2*h**5/15 + h**3/2 + 2*h**2. Let k be p(8). What are the prime factors of 34/k*6/4?
17
Let f = 6560 - -5080. What are the prime factors of f?
2, 3, 5, 97
Let r be -9 + 11 + (-8)/(-2). Let o be (-4)/(((-4)/(-2))/((-68)/2)). Suppose -7*i = -r*i - o. What are the prime factors of i?
2, 17
Let m = 2241 - 2252. Let p be ((-4)/6)/((-2)/(-3)). What are the prime factors of (-42532)/(-252) + m/(-9) + p?
13
Let i(t) = -62*t + 46. Let w be i(-9). Suppose r = 2*k - 288, 0*r - w = -4*k - 5*r. What are the prime factors of k?
2, 73
Let t(d) be the first derivative of 78*d**2 + 3*d + 9. What are the prime factors of t(2)?
3, 5, 7
Suppose -148980 = 4*c + 14*c - 78*c. List the prime factors of c.
13, 191
Let h(n) = -6*n**2 + 972*n - 38. What are the prime factors of h(120)?
2, 15101
Let n(f) = -f**3 - 20*f**2 + 2*f + 44. Let i be n(-20). Let y = i - 1. Suppose 0*p - 256 = -4*p - 5*j, -307 = -5*p - y*j. List the prime factors of p.
59
List the prime factors of (-10145 + 0)/((-4 - (-8)/8) + 2).
5, 2029
Let m be (-3)/(-6) - (-26)/(-52). Suppose -16*z + 15*z - 707 = -5*c, m = -4*c - 4*z + 580. List the prime factors of c.
2, 71
Suppose 382240 = 11*i + 33*h - 31*h, -i + 34760 = -2*h. List the prime factors of i.
2, 5, 139
Suppose -2*b = n - 797, -2*b + 2387 = -0*n + 3*n. Suppose -n*v + 789*v + 576 = 0. List the prime factors of v.
2, 3
Let v = 57931 - 32124. What are the prime factors of v?
131, 197
Suppose 0 = -3*o, -4*r + o + 13297 = -1687. What are the prime factors of r?
2, 1873
Suppose -13*v + 264 = -v. What are the prime factors of (0 + 11)*(v - (6 - -1))?
3, 5, 11
Let p(a) be the third derivative of -17*a**6/15 - a**5/20 + 5*a**4/12 + 13*a**3/3 - 2*a**2 + 2*a. What are the prime factors of p(-2)?
2, 541
Suppose 3*h + 5*k + 2066 = -491, -h - 834 = -2*k. Let l = 1282 + h. Let d = l - 168. What are the prime factors of d?
2, 3, 5
Suppose 4*q - 5*u = -0*q + 21, 5 = q - u. Suppose -4*g + 2248 = -3*r, 0*r - 2228 = -q*g - 2*r. What are the prime factors of g?
13, 43
Let i(h) = -h**3 + 9*h**2 - 8*h. Let b be i(8). Let g be (-1 + b)/(1/(-323)). Suppose 3*a - 34 = g. What are the prime factors of a?
7, 17
Let p be 3 + (-3307)/(-7) - (-6)/(-14). What are the prime factors of p - (-5 - 55/(-5))?
7, 67
List the prime factors of (-6 + (-27)/(-6))*79072/(-12).
2, 7, 353
Suppose 2*o - 9 = -3*q - 4, -2*q + 4*o + 30 = 0. Suppose -3 - 44 = -3*t + q*s, 0 = 2*t - 5*s - 38. Suppose t*k + 40 = 256. List the prime factors of k.
2, 3
Suppose 12736 = 10*j - 6524. Suppose -t + 1436 = 5*i, t + i - j + 510 = 0. List the prime factors of t.
17, 83
Let h = -6498 + 12544. List the prime factors of h.
2, 3023
Suppose -3*l = -3*y - 1503, -3*l + 0*l - 3*y = -1491. Let u = 787 - l. List the prime factors of u.
2, 3
List the prime factors of -11 + (-159)/(-15) + (-35777)/(-5).
3, 5, 53
Suppose -353*c + 216*c + 22987709 = 210*c. List the prime factors of c.
31, 2137
Let a = 60826 + 22408. List the prime factors of a.
2, 41617
Suppose 0 = -7*g + 4*g - 15, g = -v + 7633. What are the prime factors of v?
2, 3, 19, 67
Suppose 453*c + 3409 = 442*c + 29809. What are the prime factors of c?
2, 3, 5
Suppose -3*f - 7*i + 441 = -3*i, 3*i + 735 = 5*f. What are the prime factors of (270/(-35))/((-3)/f)?
2, 3, 7
What are the prime factors of -6 + (1786 - (0 - 3))?
1783
Let r = -46 + 54. Suppose -r*y + 24 = -2*y. Suppose 0 = 3*x + 4*v + v - 389, y*x + v = 547. List the prime factors of x.
2, 3, 23
Suppose 3*z + 4*g = 9*g + 6918, 0 = -2*z + 5*g + 4602. List the prime factors of z.
2, 3, 193
Suppose -15*f + 22 = -4*f. Let v(r) = -2 + 2*r**f + 8 - r + 3*r**3 - 5*r - 5*r**2. What are the prime factors of v(4)?
2, 3, 7
Suppose 2*u - 646 = -54. Suppose 69 + u = 5*f. Let d = -49 + f. What are the prime factors of d?
2, 3
Let k(u) be the first derivative of -13*u**4/4 - 4*u**3/3 - u**2/2 + 4*u + 1. Let r(q) = -5*q - 2. Let t be r(0). List the prime factors of k(t).
2, 47
Let w = 60 - 121. Let s = w + 147. List the prime factors of s.
2, 43
Suppose 3*u - 17 - 10 = 0, 2*u - 6654 = -y. List the prime factors of y.
2, 3, 7, 79
Let u = -6807 + 17367. What are the prime factors of u?
2, 3, 5, 11
Let q(c) be the second derivative of 67*c**4/12 + 13*c**3/6 - 21*c**2/2 - 4*c - 2. What are the prime factors of q(2)?
3, 7, 13
Let r(s) = -70*s - 143. Let i be r(-20). Suppose 208*a + i = 211*a. What are the prime factors of a?
419
Suppose -10*q + l - 61 = -14*q, 3*l = -5*q + 85. Suppose 0 = 16*a - q*a - 526. What are the prime factors of a?
263
Let f(a) = 560*a**2 + 70*a + 3. What are the prime factors of f(-6)?
3, 6581
Suppose 28698 = 2*q + 4*b, -22*q + 25*q - 2*b = 43087. List the prime factors of q.
83, 173
Let o be 76/28 - 14/(-49). Suppose -o*x - 21 = -0*x - 3*q, q + 23 = -4*x. What are the prime factors of (-5224)/(-56) - (0 - x/21)?
3, 31
Let r = 40162 + -22920. What are the prime factors of r?
2, 37, 233
Let z = -31 - -24. What are the prime factors of ((-18)/z)/((-3)/(-651))?
2, 3, 31
Suppose -3 + 18 = 3*h, 2*m - 2*h = 74712. What are the prime factors of m?
37361
Let d(l) = -2751*l**3 + 68*l**2 + 137*l + 10. List the prime factors of d(-2).
2, 43
Let s = 10172 - 8492. List the prime factors of s.
2, 3, 5, 7
Let g = 82 + -74. Suppose g*t = -3*t + 3278. List the prime factors of t.
2, 149
Let n = -102 + 112. Suppose -3*q = 3*f - 381, n*q - 5*q = -3*f + 373. List the prime factors of f.
131
Suppose 0 = -3*t + 3*a + 94767, 4*t - 121039 = -4*a + 5341. What are the prime factors of t?
2, 11, 359
Let p(b) = 5*b - 5. Let v be p(3). Suppose -v*r + 48 = 6*r. What are the prime factors of 416/r - 1/(-3)?
139
List the prime factors of (19/(-76))/(1/(-39612)).
3, 3301
Let h(y) = y**3 + 21*y**2 - 10*y + 11. Let i = -104 + 83. List the prime factors of h(i).
13, 17
Suppose 0 = -5*s + 3*t + 23998, -2*t - 23997 = -8*s + 3*s. List the prime factors of s.
4799
Let v = -8 + 9. Let l be (v + 0)*(12 - 13). Let n(s) = -140*s**3 + 3*s**2 - 2. List the prime factors of n(l).
3, 47
Suppose 0 = -14*h - 4*h + 7*h. Suppose h = -2*y + 5*m - 192, y + m - 6*m = -86. Let i = 248 + y. What are the prime factors of i?
2, 71
Let v = 36 + 101. Let d = v + -14. What are the prime factors of d?
3, 41
Let i(p) = p**2 + 6*p + 1. Let s be 10/15 + 56/6. List the prime factors of i(s).
7, 23
Suppose 0 = 2*u + 4*s + 104, 0 = -0*u + 4*u + 5*s + 223. Let m be (-2)/(-15) + u/15. What are the prime factors of (-5)/(9 + m) - (-108 + 0)?
107
Let i be 1 + ((-3)/1)/3*-1. Suppose b = -z + 5*z + 896, i*b - 3*z = 1817. List the prime factors of -14*2/(-49) + b/14.
2, 3, 11
Suppose 785*s = 884*s - 1523907. What are the prime factors of s?
3, 7, 733
Let a = 1646 - -5151. List the prime factors of a.
7, 971
Let d(h) = -27*h + 41. Let m(p) = -28*p + 42. Let s(n) = 7*d(n) - 6*m(n). Let k = -861 - -856. List the prime factors of s(k).
2, 5, 7
Suppose -5*u = -u - 6*u. Suppose 0 = -2*n - 7 + 3, -4*z = n - 1034. Suppose -z = -2*f - 5*a, -2*f + a + a + 252 = u. List the prime factors of f.
127
Suppose 0 = -57*v + 58*v - 4. Suppose 2*a - 33*l + 29*l - 954 = 0, 0 = v*a + 3*l - 1941. What are the prime factors of a?
3, 7, 23
Let j be 3/(-2) + 1 - 63/(-6). Suppose -9*n + j*n = 0. Suppose -5*g - 4*d + 108 = n, -2*g + 5*d + 9 = -21. List the prime factors of g.
2, 5
Suppose 5*q + 3*r = 19, -r = 5*q - 10 - 13. Suppose q*h = -3*m + 4704, 5*m + 3747 = 4*h + 2*m. What are the prime factors of h?
3, 313
Suppose u + 6*b - 8446 = b, 16967 = 2*u - 5*b. What are the prime factors of u?
43, 197
Let j be (16